 - l. Let s(p) = 5*p**2. Calculate the remainder when s(h) is divided by 11.
9
Suppose 5*f = 3*f - 4, -5*a + 4*f = -28. Let v = 0 + 7. Calculate the remainder when v is divided by a.
3
Suppose 0 = 4*s - 158 + 30. Calculate the remainder when s is divided by 12.
8
Let j(n) = n**3 + 7*n**2 - 6*n + 10. Let z be j(-8). Let x(w) = -4*w - 7. What is the remainder when 33 is divided by x(z)?
16
Suppose -t - 2*g = -57, 3*t + 2*g = 5*g + 171. What is the remainder when t is divided by 20?
17
Let g(l) = -2*l**2 - 3*l + 17. Calculate the remainder when 43 is divided by g(0).
9
Suppose -318 = -5*s + 5*t + 27, 4*s + 5*t - 249 = 0. What is the remainder when s is divided by 34?
32
Suppose 3*y - 2*y = 86. Suppose 3*u = g - 10 + y, -u + 44 = -5*g. Suppose 82 = 3*j - 4*w, 2*j - u = 3*w - 8*w. Calculate the remainder when j is divided by 12.
10
Suppose -2*s + 1 = -13. Calculate the remainder when 2/s - 458/(-14) is divided by 9.
6
Let l = 6 + -3. Suppose 5*t = -3*m - m - 66, -l*m - 12 = 0. What is the remainder when 23 is divided by (12/t)/((-21)/140)?
7
Let b = -3 - -3. Suppose 5*i + 10 = a, 5*a + 0*i - 4*i - 8 = b. Suppose 2*y - 8 - 20 = a. What is the remainder when 27 is divided by y?
13
Let u(m) = 2*m**2 - m - 3. Suppose -4 = -2*t - 0. Suppose 2*z + t*z = 3*o + 95, -65 = -3*z - 4*o. Calculate the remainder when z is divided by u(3).
11
Suppose 152 = 4*i + 36. Let w be (-2)/8 - (-3)/12. Suppose 4*t + w*t - 40 = 0. What is the remainder when i is divided by t?
9
Suppose 3*d - 2*z = 68, -7 = 2*d + 5*z - 84. Calculate the remainder when d is divided by 14.
12
Let z(l) = -9*l - 3*l**3 + 10 + 4*l**3 + l**2 - 8*l**2. Let d be z(8). What is the remainder when 2 is divided by -1 - (-3 - (-2)/d)?
0
Let x(i) = i - 4. Let n be x(5). Let o = n + 4. Suppose f = -5*l - 3*f + 22, 0 = -2*l + 5*f - 11. What is the remainder when o is divided by l?
1
Let m(o) = o**3 - 7*o**2 + 7. Let j be m(5). Let d = -30 - j. Suppose 4*n - 3*g - 58 = 38, 3*g - 48 = -2*n. What is the remainder when n is divided by d?
11
Suppose -o - 3*o = -64. Suppose 0 = -5*b + 2*l + 157, -l - 35 = -b + 3*l. Calculate the remainder when b is divided by o.
15
Let a(f) = 2*f**2 - 13*f + 8. Let x = 16 - -2. Calculate the remainder when a(9) is divided by x.
17
Let y(s) = 2*s + 12. Calculate the remainder when y(13) is divided by 21.
17
Suppose 0 = v + v - 6. Suppose 2*q - 7 = v. Suppose 4*n - 82 = q*o, -n = 2*o - o - 16. Calculate the remainder when 34 is divided by n.
16
Let f(u) be the first derivative of 4*u**3/3 - 7*u**2/2 + 4*u + 1. Suppose 2*j - 16 = 12. What is the remainder when f(4) is divided by j?
12
Let k(p) = p**3 + 10*p**2 + 6*p - 16. What is the remainder when k(-9) is divided by 6?
5
Suppose 0*m - 151 = -2*b + m, -3*b + m + 225 = 0. Calculate the remainder when b is divided by 19.
17
Suppose 9*j = 11*j - 24. Calculate the remainder when 16 is divided by j.
4
Let f = -133 - -176. Calculate the remainder when 169 is divided by f.
40
Let d = 182 + 69. Suppose -15 = -5*r, -2*r = -5*g - 4*r + d. Calculate the remainder when g is divided by (25/(-2))/((-2)/4).
24
Suppose -2*t = 155 - 177. Suppose -r - 5*s + 46 = 0, -r + 4*r = s + 122. Calculate the remainder when r is divided by t.
8
Suppose c = -0*c - 5. Let n = 23 + c. What is the remainder when (-2)/10 + (-352)/(-10) is divided by n?
17
What is the remainder when 548/28 - (-15)/35 is divided by 2?
0
Let z = 8 + -2. Suppose -z - 2 = -4*m. Suppose -m*x + 6 + 4 = 0. What is the remainder when 13 is divided by x?
3
Suppose -p - 11 = -a, -4*a - 7*p + 2*p - 1 = 0. Calculate the remainder when a is divided by 3.
0
Suppose 0 = 3*o + 2*o - 100. Let t(q) = 4 - q**3 - 27*q + 10*q**2 + 3 + 27*q. Calculate the remainder when o is divided by t(10).
6
Suppose 4*h - 3*o + 27 = 0, 0*o + o - 25 = 4*h. Let z = -14 + h. Calculate the remainder when 13 is divided by ((-25)/z)/(1/4).
3
Let j(q) = -3*q - 8. Let d be j(-4). Calculate the remainder when 24 is divided by 8 - (4/d - 2).
6
Let c(j) = -5*j + 5*j - 5 - 2*j. Let f(h) = 6*h - 3. Calculate the remainder when c(-6) is divided by f(1).
1
Let u = -17 - -14. Calculate the remainder when (u - -2)/((-2)/18) is divided by 6.
3
Suppose -1848 = -4*k + 2*k. Calculate the remainder when 4/(-18) + k/27 is divided by 10 + 0 + -2 + 1.
7
Suppose 2*y + 10 - 40 = 0. Calculate the remainder when y is divided by (-517)/(-55) - 2/5.
6
Let p = 3 + -1. Suppose -2*d - p*d = -160. Suppose -4*s = -s - 42. What is the remainder when d is divided by s?
12
Suppose -5*u - 3*s + s + 49 = 0, 2*u + s = 20. Suppose c - 3*g = 25, -4*c + 2*g + u + 61 = 0. Calculate the remainder when 31 is divided by c.
15
Let d be (-6)/1*(-1 - 0). Suppose v - 2*v + d = 0. Let p(m) = m**3 - 5*m**2 - 2*m - 8. What is the remainder when p(v) is divided by 9?
7
Suppose 3*x = 8*x - 35. What is the remainder when 23 is divided by x?
2
Let s(a) = a**2 - 3*a - 3. Let x be s(4). Let z(l) = 55*l + 1. Calculate the remainder when z(x) is divided by 29.
27
Calculate the remainder when 158 is divided by 24 + 0 - 0 - -3.
23
Let g(k) = 2*k + 40. Calculate the remainder when 117 is divided by g(-10).
17
Suppose o = -2*o. Let x be (0 + -1)*(-2 + -13). Suppose 5*n = -o - x, 2*l = -5*n + 13. What is the remainder when 27 is divided by l?
13
Let h(r) = 4*r**2 + 3*r - 4. Calculate the remainder when 33 is divided by h(2).
15
Let r = -2 + 12. Calculate the remainder when r is divided by 6.
4
Let k = 7 - 6. Let s be (k + 0)/(-1) + -1. Let p(m) = -12*m - 3. Calculate the remainder when p(s) is divided by 11.
10
Let b(q) = -20*q + 1. Let g be b(-4). Suppose 3*d = -5*r + g + 20, 5*r = 2*d + 116. Calculate the remainder when r is divided by 8.
6
Let a(z) = 17*z + 1. Suppose 24*s - 207 = 21*s. What is the remainder when s is divided by a(1)?
15
Suppose 5*w + 5*s - 2*s = 61, 0 = 2*w - 3*s - 16. What is the remainder when 30 is divided by w?
8
Let p(n) = n - 6. Let a be p(6). Suppose -3*q + 4*q - 28 = a. Calculate the remainder when q is divided by 61/4 + 2/(-8).
13
Suppose 1 = m - 2. Let y = m + -3. What is the remainder when 44 is divided by (1 - y)/(1/15)?
14
Suppose 3*x - h - 97 = -5*h, -5*h - 150 = -4*x. Calculate the remainder when 132 is divided by x.
27
Let s = -162 - -259. What is the remainder when s is divided by 49?
48
Suppose -5*x + 141 = 3*p - 4*p, -2*p + 110 = 4*x. Calculate the remainder when x is divided by 10.
8
Suppose 6 = 4*s - 7*s, s = -2*k + 8. Suppose l - 2*z - 7 = -2, -20 = -5*l + k*z. Let i = 29 + -21. Calculate the remainder when i is divided by l.
2
Let k = 8 - 3. What is the remainder when k is divided by (-10)/8 + (-680)/(-160)?
2
Calculate the remainder when 21 is divided by (24/16)/(3/16).
5
Suppose 3*i + 21 = 4*i + 2*h, -h - 66 = -4*i. Suppose -4*d + 5*d - y + 10 = 0, y = 0. Calculate the remainder when (-12)/(-30) + (-326)/d is divided by i.
16
Suppose -a + 44 = -5*v + 454, 4*a + 20 = 0. What is the remainder when v is divided by 22?
15
Let c(o) = o**3 + 6*o**2 + 8. What is the remainder when 15 is divided by c(-6)?
7
Suppose 55 - 160 = -g. Calculate the remainder when g is divided by 27.
24
Let p(v) = -v**3 - 3*v**2 - 3*v - 1. Suppose 2*z = -c + 109, -4*z = c + 127 - 340. What is the remainder when z is divided by p(-4)?
25
Let j be 4/(-3)*(5 + -2). Calculate the remainder when 4/18 - 426/(-27) is divided by j/22 - (-136)/22.
4
Let u(v) = 3*v**3 - 10*v**2 + 16*v + 2. What is the remainder when u(5) is divided by 21?
18
Suppose 0*o + 2*o = 58. Let k = 7 + o. Suppose -d = -4*d + k. Calculate the remainder when 23 is divided by d.
11
Let z = 35 + -30. Suppose -45 = -9*w + 4*w. Calculate the remainder when w is divided by z.
4
Let i(m) = -m**2 + 9*m + 1. Suppose 0 = -6*p + 2*p + 292. What is the remainder when p is divided by i(6)?
16
Suppose 3*b = 45 + 21. Let y = 43 + 21. What is the remainder when y is divided by b?
20
Suppose 3*l - 42 = -3*k + 4*k, l - 9 = 2*k. Calculate the remainder when l is divided by 6.
3
Let l = 40 - 21. Calculate the remainder when 54 is divided by l.
16
Suppose 0*c = 5*c - 320. Suppose -4*f - 12 + c = 0. What is the remainder when f is divided by 5?
3
Let l = 6 + 2. Calculate the remainder when l is divided by 3.
2
Let j(y) = y**2 + 7*y - 10. Let u be j(-7). Let v = u + 13. What is the remainder when v is divided by 1?
0
Let v =